+ 246/234 - 399406/(-3666) is divided by p?
4
Suppose -5*c + 48 = -127. Let i(g) = 17*g + 160. Let w(t) = 31*t + 318. Let q(d) = -5*i(d) + 3*w(d). Calculate the remainder when c is divided by q(-17).
17
Let n = 152 - 146. Suppose -203 = -n*h - 23. Calculate the remainder when 88 is divided by h.
28
Suppose -234 = -3*y + 93. Let i be (3/(-9))/((-4)/60). Suppose -4*f = 2*w - 64, f = i*w + 4*f - 146. Calculate the remainder when y is divided by w.
25
Suppose 6*b - 455 = b. Suppose 198*q + 2*y - 41 = 197*q, -q + 35 = y. Calculate the remainder when b is divided by q.
4
Calculate the remainder when ((-59613)/51)/(-1) + (-4)/204*-6 is divided by 13.
12
Suppose -90*q + 3478 = -437 - 2385. What is the remainder when 747 is divided by q?
47
Let p(q) = q**3 + 4*q**2 - q - 1. Let d be p(-3). Let g = d - 8. Let r(y) = y**3 + 4*y - 4. What is the remainder when r(g) is divided by 18?
17
Let y(c) = 3*c**2 + 33*c + 13. Let s be y(-18). Suppose 5*n + l - s = 0, -2*n = 41*l - 39*l - 150. What is the remainder when n is divided by 30?
19
Let n(r) = r**2 + 89*r + 737. What is the remainder when 3904 is divided by n(-80)?
11
Suppose -4*l + 5*s = 8*s - 1099, 5*s - 827 = -3*l. Let v = -202 + l. Calculate the remainder when 501 is divided by v.
69
Suppose 3*d = 56*z - 55*z - 193, 0 = -4*d - 4. Calculate the remainder when 416 is divided by z.
36
Let x = -5483 + 6369. What is the remainder when x is divided by 127?
124
Suppose -1004 = -4*c - 4*v, -183*c - 4*v = -187*c + 948. Calculate the remainder when c is divided by 7.
6
Calculate the remainder when (105/(-4))/((-57)/456) is divided by 45.
30
Let v be (-36)/96 - 1*(-1497)/24. Suppose 0 = -13*o + 68 + v. What is the remainder when 31 is divided by o?
1
Suppose z = 4*p - 3743 + 1259, 3*p - 1849 = -z. Calculate the remainder when p is divided by 203.
10
Let k(q) = -137*q - 2632. Calculate the remainder when 133 is divided by k(-20).
25
Suppose -2*i = -4, 72 = 2*n - 72*i + 75*i. Let k(a) = 3*a + 3. Calculate the remainder when n is divided by k(4).
3
Let m = 57 - 22. Let z = 51 + 110. What is the remainder when m is divided by 1564/z + 4/14?
5
Suppose -4*k - 2*q = -831 - 61, -426 = -2*k + 4*q. Let j(n) = -n**2 + 5*n + 163. Calculate the remainder when k is divided by j(14).
36
Suppose -3*j + 7*j + 520047 = 55*j. Calculate the remainder when j is divided by 12.
9
Let o = -93 + 98. Suppose -2025 = -4*y + 3*l, o*l + 0 = 5. What is the remainder when y is divided by 15?
12
Let u = -65 - -125. Calculate the remainder when 73 is divided by -447*(-5)/u - 3/12.
36
Let w = -14928 - -14944. What is the remainder when 215 is divided by w?
7
Let h(l) = 14*l - 2. What is the remainder when h(3) is divided by (-5)/7 - (-58195)/(-791)*(-1)/5?
12
Suppose 3*v + 596 - 746 = -0*v. Calculate the remainder when 342 is divided by v.
42
Suppose -15 = 3*q, -3*g - 5*q + 13 = -q. Suppose 2*a = 5*t - 5, -4*t = 2*a - g - 11. Calculate the remainder when 30 is divided by a.
0
Let v = 425 + -113. Calculate the remainder when 97 is divided by v/(-32) + 10 + 390/8.
48
Suppose 96*n - 2376 = 3096. Calculate the remainder when 73 is divided by n.
16
Suppose -6*b = -0*b - 60. Suppose 0 = 5*t + 5*n - b - 20, -40 = -4*t + 4*n. Calculate the remainder when 55 is divided by 12/t*(-84)/(-9).
13
Let k(j) be the third derivative of j**6/120 + j**5/20 + 13*j**4/24 - 14*j**3/3 - 35*j**2. Calculate the remainder when 60 is divided by k(2).
6
Let d(l) be the first derivative of 2*l**3/3 - 5*l**2/2 - 12*l - 18. Calculate the remainder when 517 is divided by d(5).
10
Suppose o - 145 = -5*b, -8 = 2*b - 16. What is the remainder when o is divided by 22?
15
Let a(w) = 9*w - 5. Let n(m) = 11*m - 6. Let s(i) = -5*a(i) + 4*n(i). Calculate the remainder when 29 is divided by s(-15).
13
Let u(v) = -8*v - 95. Let i be u(19). Let z = i - -271. Suppose -4*n + 428 = -28. Calculate the remainder when n is divided by z.
18
Suppose 7*g - 2*g + 3*r + 76 = 0, -5*g - r = 82. Let d = g + 153. What is the remainder when d is divided by 49?
38
Suppose 4*n - 22 = 2*d, -8 = 4*d - d - n. Let a be (d - 2/(-6))*-102. Suppose 5*s + 73 = p + 2*p, 3*p - a = 4*s. What is the remainder when p is divided by 5?
1
Suppose 5*j - 119 = -h, 725*j - 307 = -3*h + 720*j. Suppose -2*o + 0*o = -38. Calculate the remainder when h is divided by o.
18
Let v = 138 + -127. Let x(l) be the third derivative of l**5/60 + 6*l**2. What is the remainder when v is divided by x(2)?
3
Let y(v) = -98*v + 3. Let z be 0 - ((-5)/(-10) - (-3)/2). Let l be y(z). What is the remainder when 146 is divided by l/4 + (-51)/68?
48
Suppose -378*k + 840 = -372*k. Calculate the remainder when 407 is divided by k.
127
Let z be (-11 + 6 + -1015)*4/(-6). Suppose 0 = -37*m + 17*m + z. Calculate the remainder when 169 is divided by m.
33
Calculate the remainder when (-52420)/(-35) - 172/(-602) is divided by 363.
46
Suppose 163*r - 270991 + 49311 = 0. What is the remainder when r is divided by 271?
5
Suppose -9*j + 2 = 2. Suppose j = 8*v - 9*v + 71. Calculate the remainder when v is divided by 525/(-112)*-4 + 1/4.
14
Suppose -b + 376 = 3*b. Suppose -5*r = 2*p - 9*r - 50, 0 = r + 4. Calculate the remainder when b is divided by p.
9
Let v = 16677 + -11523. What is the remainder when v is divided by 67?
62
Suppose 0 = -2*o - 39 + 207. Let t = 59 + o. Calculate the remainder when t is divided by (1 + -3 + 26)/(34/17).
11
Let j(b) = 89*b + 17. Let h(o) = -29*o - 6. Let d(n) = 7*h(n) + 2*j(n). Calculate the remainder when d(-4) is divided by 24.
20
Suppose 42*n = u + 44*n - 3499, 4*n - 4 = 0. Calculate the remainder when u is divided by 37.
19
Suppose 4*g = -4*x + 100, 3*g + 13 + 8 = x. Suppose -x*o + 50 = -19*o. Calculate the remainder when 15 is divided by o.
5
Let o(t) = -t**2 + 19*t - 21. Let r be o(0). Calculate the remainder when ((-21)/(-4))/(r/(-616)) is divided by 8.
2
Let a(n) = 540*n + 11. What is the remainder when 1610 is divided by a(0)?
4
Let h(s) = -37*s + 62. Let f(i) = 77*i - 125. Let y(d) = -2*f(d) - 5*h(d). Suppose -1 = 5*g - 46. What is the remainder when y(3) is divided by g?
6
Suppose 53*b + 249 - 963 = 3685. Suppose -2 = u + 5. Let m = u - -30. What is the remainder when b is divided by m?
14
Let j = -6675 - -6782. Calculate the remainder when 13800 is divided by j.
104
Let u = 83 - 63. Suppose -8 = t - 3*t + i, -2*t + 5*i = -16. Suppose 6 = -x + 2*n + 2*n, -t*x - 2*n + 38 = 0. What is the remainder when u is divided by x?
0
Let j = 177 - 175. Suppose 5 = g, -2*g + 4*g = 4*u + 2. Suppose q - u*m = 25, q + 3*m - 7 + j = 0. Calculate the remainder when 49 is divided by q.
15
Suppose -25*k + 51 + 49 = 0. Suppose -k*t = -1299 + 1059. Calculate the remainder when 175 is divided by t.
55
Let v(q) = -2*q**3 + 23*q**2 - 55*q - 13. Suppose o + 3*b = 3*o - 25, 0 = -o + 2*b + 14. What is the remainder when v(7) is divided by o?
3
Let l be -1 + 1 + (5 - -14). Let a(u) = -u**2 + 8*u + 23. Let o be a(-3). Let n = l + o. Calculate the remainder when 24 is divided by n.
6
Let q = 19156 + -19051. Calculate the remainder when 11021 is divided by q.
101
Let p = 33 + -21. Suppose -28 = 11*x - p*x. Calculate the remainder when 613 is divided by x.
25
Let r(u) = u**2 - 6*u + 8. Let t be r(4). Let m(z) be the first derivative of -z**4/4 - z**2/2 + 41*z - 2. What is the remainder when m(t) is divided by 11?
8
Suppose 116 = 5*u - 3*q, 2*u + 5*q - 140 = -3*u. Suppose 21*a - 19*a - 96 = 0. What is the remainder when a is divided by u?
23
Calculate the remainder when 377 is divided by 4/(-16) - (9 + (610/(-8) - -2)).
52
Suppose -p - 234 = p. Let s = 10115 - 9962. Let y = s + p. Calculate the remainder when 106 is divided by y.
34
Let g be 1/2*(-11 + (-9 - -6)). What is the remainder when 51 is divided by 2/g + 92/28 + 5?
3
Suppose -60 = 378*t - 373*t. What is the remainder when (321/t)/((-3)/12) is divided by 16?
11
Let m be (-7)/4*-2 + (-396)/(-264). Suppose 131 = m*x + 4*p, -p - 58 = -2*x - 4*p. Let k(z) = 3*z**2 - 3*z + 1. What is the remainder when k(6) is divided by x?
22
Let r = -80 - -81. Calculate the remainder when (2/6*r)/(18/2106) is divided by (10/(-8))/((-2)/16).
9
Suppose -107 = -2*f - 47. Suppose 0 = -3*h - 0*h + 33. What is the remainder when f is divided by h?
8
Let n be (0 - 1)/((-2)/12). Suppose -n = 4*t - 18. Let c(s) = -2*s**